+ 2. What is p(f)?
-10
Let d = -107 + 114. Let h(y) = 5*y - y**2 + 4155 + 5*y - 4168. What is h(d)?
8
Let a(q) = 17*q + 56. Let n(y) = -33*y - 98. Let h(k) = -7*a(k) - 4*n(k). Calculate h(-8).
-104
Let w(h) = 2*h**2 - 2*h + 18*h - 5*h + 3 - 3*h. What is w(-3)?
-3
Let c(p) = -p**3 - 9*p**2 + 9*p - 9. Suppose -153*z + 306 = -155*z. Let x be (-182)/18 + (-17)/z. What is c(x)?
1
Let s = 0 - -31. Let p = s - 38. Let a(w) be the second derivative of -w**3/6 - 5*w**2 - w - 18. What is a(p)?
-3
Let b(c) = -27*c + 102*c - 26*c - 28*c - 20*c - 6. Determine b(19).
13
Let b(v) = -v**2 + 8*v + 11. Let h = -99 - -30. Let f be (2 - (-2 + -36))/(14/(-21)). Let k = f - h. Determine b(k).
2
Let b(n) = n - 1. Let k be b(3). Suppose -k*h - 4*a + 1 = -1, 8 = -2*h + a. Let o(u) = 5754*u**2 + u**3 - u + 2 - 3068*u**2 - 2685*u**2. Determine o(h).
-13
Suppose 2*i + 16 = 22. Let x(b) = 8*b**3 + 4 - 8*b**i + 8*b - b**3 + 6*b**2. Give x(7).
11
Let l(t) be the first derivative of -1/4*t**4 - t + 5/2*t**2 - 2*t**3 + 86. Calculate l(-7).
13
Let x(f) = -f + 29. Suppose -164 = -5*v + 20*b - 17*b, -19 = -v - 4*b. Calculate x(v).
-2
Let p(f) = 8*f**3 + f**2 - 2*f + 1. Let g = 29 - 43. Let w be ((-8)/28)/(2/g). Suppose -w = -3*i + d, -2*i - 5*d + 8 = i. What is p(i)?
8
Suppose 3*h - 1 = -v, -2*v + 3*h + 3 = 1. Suppose -v + 7 = a. Let s(q) = 10*q + 5. Let x(n) = 7*n + 6. Let c(g) = 3*s(g) - 4*x(g). What is c(a)?
3
Let k(v) = -4*v + 129*v**3 - 5*v**2 - 3 + 125*v**3 - 372*v**3 + 117*v**3 + 11*v**2. Suppose 7 = m + 2. Determine k(m).
2
Let s(v) = -10*v - 2. Let f(j) = 60*j + 6. Let b(m) = -f(m) - 5*s(m). Determine b(0).
4
Let g(w) = -213*w + w**2 - 1201 + 1212 + 203*w. What is g(5)?
-14
Let f(a) = 2*a**2 + a. Suppose 3*p - 5*x - 35 = 9, 2*p - x - 27 = 0. Suppose p*n - 56 = -82. Give f(n).
6
Suppose -4*s + 5*h + 13 = 0, h = -2*s - 4*h - 1. Let b(n) = -7 + n**2 + n + 5*n + 2*n**s - n**2. Let w be (-486)/48 + 5 - (-1)/8. What is b(w)?
13
Let p(d) = -3*d**2 + 12*d - 3. Let o be p(2). Let s(f) = -3*f - o - 3*f + 0*f + 11*f. What is s(6)?
21
Let v(i) be the second derivative of i**4/12 - 7*i**3/6 + 5*i**2/2 - 6*i + 1. Let k(s) = -s**2 - 6*s + 2. Let r be k(-5). Determine v(r).
5
Let a(g) = g - 1. Let n(z) = -6*z - 38. Let t(y) = -2*a(y) + n(y). Calculate t(-7).
20
Suppose 0*l - l - 10 = p, 4 = 4*l. Let h(q) be the third derivative of q**6/120 + 11*q**5/60 + q**4/24 - q**3 - 4*q**2 - 65. Give h(p).
-17
Let j(w) = w**2 - 11*w - 14. Let z be (-1 - 2) + -1 - (-21 + 4 - -4). What is j(z)?
-32
Let o(h) = -h - 38 + h**2 + 0*h - 5*h. Let d be (7 - 5) + (6 - 2)*(-29 + 31). Calculate o(d).
2
Let b be (-48)/(-456) + (-21)/19. Let q(o) = 2*o**3 - 3*o**2 + o + 3. Determine q(b).
-3
Let w(c) be the first derivative of -c**4/4 + 11*c**3/3 + 31*c**2/2 - 65*c - 745. What is w(13)?
0
Suppose 2*d - 5 = -s, -2*d + 0*d + 4 = 0. Let h(q) be the first derivative of -q**4 + 0*q**2 - q - 5 + 2/3*q**3. Calculate h(s).
-3
Let i be ((-93)/155)/(2/(-10100)*2). Let u(j) = 0*j + 1520 - i + j. Determine u(5).
10
Let u(b) be the second derivative of -113*b + 0*b**2 - 1/12*b**4 + 0 + b**3. Give u(5).
5
Let d(w) = -3*w**3 - 3*w**2 + 2. Let j(i) be the first derivative of i**2 + 1/3*i**3 + 20 + 1/4*i**4 + 6*i. Let u be j(-2). What is d(u)?
14
Let g be (2/(-4) + 0)*2. Suppose -4*j + 4 = -2*j - 5*u, -5*u + 2 = j. Let t(l) = 2*l + j*l**3 + 49*l**2 + 1 - 49*l**2 - l. Determine t(g).
-2
Let j = 169 + -167. Suppose j*a = 4*f - 16, -4*f - 4*a = -0*a - 28. Let h(m) = -m**3 + 6*m**2 - 7*m. Calculate h(f).
-10
Let d(c) be the first derivative of 10*c - 7/3*c**3 + 57 - 5*c**2 + 1/4*c**4. What is d(8)?
-6
Let f(s) be the first derivative of -s**3/3 + 2*s**2 + 6*s + 4. Let x = -151 - -164. Suppose -x*g + 90 = 5*g. What is f(g)?
1
Let z(v) = -v + 18. Let d be z(2). Let f(i) = -d*i - i**2 + 4*i + 15 - 10 + 5*i. What is f(-7)?
5
Let s(b) = 2*b**2 - 8*b - 5. Let y = 260 - 255. Suppose y*g + 3*k = 47, -10*k = -5*k - 20. What is s(g)?
37
Let g(k) = -3*k**3 - 19*k**2 - 25*k + 23. Let j(z) = -8*z**3 - 39*z**2 - 43*z + 47. Let f(i) = -5*g(i) + 2*j(i). Determine f(19).
-2
Let l(t) be the third derivative of -t**5/30 - t**4/24 - t**3/6 + 8045*t**2. Suppose -a - 6 = a. Let n = a - -2. Calculate l(n).
-2
Let x be (-161)/(-8) + (-3)/192*8. Let d = x + -21. Let l(p) be the second derivative of 2*p**3/3 + p. What is l(d)?
-4
Let x(g) = 21*g - 22*g + 2 - 12. Suppose -182 - 28 = 21*w. Calculate x(w).
0
Suppose 200*t - 178*t = 164 - 648. Let j(q) = -q**2 - 21*q + 45. Calculate j(t).
23
Let i = 175 - 171. Let v(k) = 0*k - 14 - i*k + 5 - 1. Give v(-4).
6
Let n(s) = -7*s**2 + 10*s - 1. Let u be n(1). Suppose -z = -u*z - 4*z. Let f(v) = v - 2*v - 10 + 0. Determine f(z).
-10
Let f(c) = 4*c - 1. Let y(n) = n**3 - n**2 + 2*n - 1. Suppose 0*h - 2*h = -16. Let j be ((-2)/h)/(3/(-12)). Let r be y(j). Give f(r).
3
Let j(o) = 3*o**2 - 5*o. Let n = 4 + -7. Let z(l) = 3*l**2 - 6*l + 1. Suppose 84*p - 69*p = 60. Let v(i) = n*z(i) + p*j(i). Determine v(-2).
13
Suppose 0 = 4*y - 5*w - 8 - 5, -3*y - 3*w = 24. Let h(j) be the third derivative of j**4/6 + 7*j**3/6 + 97*j**2. What is h(y)?
-5
Let l be 18/6 - (-252)/4. Let r(u) = -2*u**2 + 1 + 0*u**2 + 66*u - 38*u**3 - l*u. Give r(1).
-39
Let a(x) = -3*x**3 + 11*x**2 + 5. Let c(f) = -5*f**3 + 21*f**2 + 9. Suppose -t = -61 + 54. Let j(z) = t*a(z) - 4*c(z). Determine j(-7).
-1
Let q(a) = 38*a**2 - 17*a + 39. Let v be q(4). Let n(s) = -v + 1155 + 2*s - 585. Calculate n(7).
5
Let s(i) = i**2 - i. Suppose 6*q - 5*q - 5*w + 1 = 0, -4 = -2*q + 4*w. Suppose -q*l = -10 - 6. Let d be 2*(45/(-10) + l). Calculate s(d).
2
Let b(t) = -2*t**3 - 6*t**2 + 3*t + 11. Let z be b(-3). Let s be 1*3/(-5 + z) + 3. Let f(o) = o**2 - 2*o + 4. Calculate f(s).
4
Let y(v) = -8*v - 2. Let p(j) = 4*j + 1. Let w(s) = -7*p(s) - 3*y(s). Let m be (-10)/(40/12) - -18. Suppose 3*o = m*o + 72. Give w(o).
23
Let t be -1*(-15 - -8 - -2). Let o(g) = 21*g + 4. Let b(x) = 23*x + 5. Let r(j) = t*b(j) - 6*o(j). What is r(4)?
-43
Let w(t) be the second derivative of -5*t**5/4 - t**4/12 + t**3/3 - t**2/2 + 326*t. Determine w(1).
-25
Let d(p) = 2*p + 3. Let m be d(-5). Let q(y) = -2. Let x(i) = -i**2 - 7*i - 7. Let r be (-1)/(-7) + (-150)/(-175). Let b(c) = r*x(c) - 6*q(c). Calculate b(m).
5
Let p(l) = 2*l**3 + 5*l**2 + 7*l - 1. Let c be (-8)/((-1)/((-39)/104)). Give p(c).
-31
Let h(o) = -o**3 + 12*o**2 + 15*o - 16. Let q be (-6)/33 + (-6896)/(-176). Suppose -26*g = -29*g + q. Calculate h(g).
10
Let c be (-2)/((6/1)/(-3)). Let d be (8 + -10)/(c/(-4)). Let s(k) = 4*k**2 - k**2 + 5 + 7 - 11*k - 6*k**2 + 4*k**2. Determine s(d).
-12
Let x = 23 + 52. Let y = -39 + x. Suppose -3*b - y = 3*b. Let f(c) = -2*c + 2. What is f(b)?
14
Let s(m) = 0 - m - 14 + 41 + 0 - 11. What is s(2)?
14
Let b be 75*(72/(-54) + (-2)/(-6)). Let q = -137 - b. Let m = 68 + q. Let z(o) = o - 3. Determine z(m).
3
Suppose -108*j + 314 = 49*j. Let g(n) = -8*n**3 - 3*n**2 + 5*n - 5. Calculate g(j).
-71
Let o(f) = 3*f - 3. Let h(k) be the first derivative of -k**3/3 - k**2/2 + 12*k + 3. Let r be h(0). Suppose -6*q - 24 = r. Give o(q).
-21
Let q = 29410 - 29426. Let x(s) = s**2 + 16*s + 31. Give x(q).
31
Let h(k) = 52*k**2 - 5*k - 170. Let l(u) = 37*u**2 - 3*u - 113. Let y(r) = -5*h(r) + 7*l(r). Determine y(10).
-1
Let q = -38 + 37. Let h(s) = -s**3 + 2*s**2 - 2. Let u(b) = 2*b**3 + 0*b**3 - b**3 - b**2 + 1. Let t(z) = 6*h(z) + 13*u(z). What is t(q)?
-7
Suppose 0 = 3*y - 3, -2*y = -c + 2 - 4. Suppose 3*l + l = -r + 102, -4*l - 12 = c. Let d(u) = 1 - r*u + 115*u + 6. Give d(-5).
2
Suppose 5*w = -5*k - 43 - 7, -14 = 2*w - k. Let a(u) = 14*u - 16. Let v be (-3)/(-1)*(10 - 222/18). Let d(m) = 24*m - 30. Let y(f) = v*a(f) + 4*d(f). Give y(w).
8
Let f(m) = 2*m**2 + 37*m - 24. Suppose -z + 172 + 94 = -15*z. Give f(z).
-5
Let a = -2 - -13. Let n(c) be the third derivative of -c**5/60 + 3*c**4/8 + c**3/3 + 2495*c**2. Determine n(a).
-20
Let r = 8858 - 8861. Let w(z) = 4*z**3 + 2*z**2 + 2*z + 4. Calculate w(r).
-92
Let u(w) be the first derivative of 4*w**2 + 14*w + 278. Determine u(-5).
-26
Let q(l) = -l**3 - 4*l**2 - 3*l - 5. Let k = -41 + 47. Let r be (-2 - 0) + k/2 - 3. Let o be ((2 - 6)*1)/(-1 - r). What is q(o)?
7
Let g(a) = 7*a - 64. Let q(t) = 6*t - 65. Let l(m) = 6*g(m) - 5*q(m). Calculate l(5).
1
Let q(b) =